{"id":40,"date":"2022-02-03T10:15:57","date_gmt":"2022-02-03T10:15:57","guid":{"rendered":"https:\/\/baerpartner.de\/index.php\/mesmerize\/"},"modified":"2024-02-25T13:49:06","modified_gmt":"2024-02-25T13:49:06","slug":"startseite","status":"publish","type":"page","link":"https:\/\/baerpartner.de\/","title":{"rendered":"Startseite"},"content":{"rendered":"<div  data-label=\"Overlappable\" data-id=\"overlappable--1\" data-export-id=\"overlappable-4\" data-category=\"overlappable\" class=\"overlappable-4 content-section content-section-spacing\" data-overlap=\"true\" id=\"overlappable-1\" style=\"background-color: rgb(255, 255, 255);\"><div  class=\"gridContainer\"> <div  data-type=\"row\" class=\"row spaced-cols text-center center-sm\"><div  class=\"col-xs-12 col-sm-4 col-padding\"> <a data-cp-link=\"1\" href=\"https:\/\/baerpartner.de\/#:~:text=machen%20einen%20Termin-,Wer,-hat%20recht%2C%20wer\" target=\"_self\" rel=\"noopener\"><i  class=\"fa icon shadow-large-black aligncenter color1 fa-file reverse round large\"><\/i><\/a> <div  data-type=\"column\" class=\"\"> <h5  class=\"\">Mehr zu Mediation<\/h5> <p  class=\"\">Wie l\u00e4uft eine Mediation ab?<br >Was sind m\u00f6gliche Anwendungen?<\/p><\/div> <\/div> <div  class=\"col-xs-12 col-sm-4 col-padding\"> <a data-cp-link=\"1\" href=\"https:\/\/baerpartner.de\/#:~:text=Jetzt%20Kontaktanfrage%20starten-,Unser%20Team,-Lernen%20Sie%20uns\" target=\"_self\" rel=\"noopener\"><i  class=\"fa icon shadow-large-black aligncenter color1 fa-commenting-o reverse round large\"><\/i><\/a> <div  data-type=\"column\" class=\"\"><h5  class=\"\">Unser Team<\/h5> <p  class=\"\">Lernen Sie uns kennen<\/p><\/div> <\/div> <div  class=\"col-xs-12 col-sm-4 col-padding\"> <a data-cp-link=\"1\" href=\"https:\/\/baerpartner.de\/#:~:text=ALL%20BLOG%20POSTS-,Kontakt,-Jeder%20Fall%2C%20jedes\" target=\"_self\" rel=\"noopener\"><i  class=\"fa icon shadow-large-black aligncenter color1 fa-address-card reverse round large\"><\/i><\/a> <div  data-type=\"column\" class=\"\"><h5  class=\"\">Kontakt<\/h5> <p  class=\"\">Nehme Kontakt zu uns auf und wir machen einen Termin<\/p><\/div> <\/div><\/div> <\/div><\/div><div  id=\"content-14\" style=\"background-color: #ffffff;\" data-label=\"Content\" data-id=\"content-3\" data-export-id=\"content-3\" data-category=\"content\" class=\"content-3 content-section content-section-spacing\"><div > <div  class=\"row middle-xs\"><div  class=\"col-sm-7 full-col-left-padding full-col-right-padding\"> <div  class=\"row\"><div  data-type=\"column\" class=\"space-bottom-small content-title-col\"> <h5  class=\"\">Wer hat recht, wer setzt sich durch? <br >Muss immer eine Seite klein beigeben?<\/h5> <h2  class=\"\">Die beste L\u00f6sung ist, wenn alle Parteien, jeder Einzelne seinen Teil zum Besten des Ganzen beitr\u00e4gt. <\/h2> <p  class=\"\">Mediation basiert auf der \u00dcberzeugung, dass die L\u00f6sung von Konflikten und die Kraft von Beziehungen sich in den einzelnen Personen befinden. Der Mediator ruft sie hervor, indem er jeden Einzelnen st\u00e4rkt. Dies kann geschehen indem der Mediator f\u00fcr jeden Einzelnen einsetzt \u2013 dies f\u00fchrt zur Allparteilichkeit des Mediators. Niemand wird benachteiligt, sondern jeder gest\u00e4rkt. <\/p><\/div> <\/div> <div  class=\"row spaced-cols\" data-type=\"row\"> <div  class=\"col-xs-6\" data-type=\"column\">  <\/div>    <\/div><\/div> <div  class=\"col-sm-5 bg-image shadow-large-black revert-classes-holder\" data-bg=\"image\" style=\"background-image: url(&quot;https:\/\/baerpartner.de\/wp-content\/uploads\/2022\/02\/cropped-conflict-2021-08-30-15-03-30-utc.jpg&quot;);\"><\/div><\/div> <\/div><\/div><div  id=\"features-10\" style=\"background-color: #ffffff;\" data-label=\"Features\" data-id=\"features-16-card-bordered\" data-export-id=\"features-16-card-bordered\" data-category=\"features\" class=\"features-16-card-bordered content-section content-section-spacing\"><div  class=\"gridContainer\"> <div  class=\"row text-center\"><div  class=\"section-title-col\" data-type=\"column\"> <h2  class=\"\">Unsere Handlungsfelder<\/h2> <p  class=\"lead\">Mediation ist mehr als Hilfe zur Konfliktl\u00f6sung. <\/p><\/div> <\/div> <div  class=\"row spaced-cols\" data-type=\"row\"> <div  class=\"col-xs-12 col-sm-6 col-md-6 \"> <div  class=\"card no-padding bordered y-move\"> <img  decoding=\"async\" class=\"face\" src=\"https:\/\/baerpartner.de\/wp-content\/uploads\/2022\/02\/cropped-people-2021-08-30-15-03-25-utc-scaled-1.jpg\" title=\"cropped-people-2021-08-30-15-03-25-utc-scaled-1.jpg\" alt=\"\"> <div  data-type=\"column\" class=\"col-padding-small col-padding-small-xs description-container\"> <h4  class=\"font-500\">Die Belegschaft bei Entscheidungen miteinbeziehen <\/h4> <p  class=\"\">Sie wollen Ihre Belegschaft f\u00fcr wichtige unternehmerische Entscheidungen gewinnen, damit die Mitarbeiter, auf die Sie sich bisher verlassen konnten, weiterhin bei Ihnen mitwirken. <br >Sie wollen die Entscheidungen optimal in der Praxis umsetzen.<br >Dazu hilft Mediation, dass sich jeder Mitarbeiter in seine neue Position und Aufgabe hineinbewegen kann.&nbsp;<\/p><\/div> <div  data-type=\"column\" class=\"col-padding-small col-padding-small-xs read-more-container\"><\/div> <\/div><\/div> <div  class=\"col-xs-12 col-sm-6 col-md-6 \"><div  class=\"card no-padding bordered y-move\"> <img  decoding=\"async\" class=\"face\" src=\"https:\/\/baerpartner.de\/wp-content\/uploads\/2022\/02\/cropped-business-crisis-manager-stopping-collapsing-domino-2021-08-30-00-59-21-utc-scaled-1.jpg\" title=\"cropped-business-crisis-manager-stopping-collapsing-domino-2021-08-30-00-59-21-utc-scaled-1.jpg\" alt=\"\"> <div  data-type=\"column\" class=\"col-padding-small col-padding-small-xs description-container\"> <h4  class=\"font-500\">L\u00f6sungspotentiale erschlie\u00dfen <\/h4> <p  class=\"\">Innerhalb der Belegschaft finden sich praktische und motivatorische Potentiale, die f\u00fcr die Entwicklung des Unternehmens sehr f\u00f6rderlich sind. <br >Mediation hilft diese Potentiale zu entdecken, sie zu f\u00f6rdern und in der Praxis anzuwenden.&nbsp;<\/p><\/div> <div  data-type=\"column\" class=\"col-padding-small col-padding-small-xs read-more-container\"><\/div> <\/div><\/div> <div  class=\"col-xs-12 col-sm-6 col-md-6 \"><div  class=\"card no-padding bordered y-move\"> <img  decoding=\"async\" class=\"face\" src=\"https:\/\/baerpartner.de\/wp-content\/uploads\/2022\/02\/cropped-change-to-chance-2021-09-02-01-10-54-utc-scaled-1.jpg\" title=\"cropped-change-to-chance-2021-09-02-01-10-54-utc-scaled-1.jpg\" alt=\"\"> <div  data-type=\"column\" class=\"col-padding-small col-padding-small-xs description-container\"> <h4  class=\"font-500\">Neuausrichtungen begleiten <\/h4> <p  class=\"\">Mitarbeiter f\u00f6rdern und motivieren um eine Neuausrichtung oder neue Organisation konstruktiv zu begleiten und zu implementieren. <br >Der Mediator unterst\u00fctzt durch Beteiligung der Sichtweisen der einzelnen Mitarbeiter und Mitarbeiterinnen die Einarbeitung in neue Strukturen.&nbsp;<\/p><\/div> <div  data-type=\"column\" class=\"col-padding-small col-padding-small-xs read-more-container\"><\/div> <\/div><\/div> <div  class=\"col-xs-12 col-sm-6 col-md-6 \"> <div  class=\"card no-padding bordered y-move\"> <img  decoding=\"async\" class=\"face\" src=\"https:\/\/baerpartner.de\/wp-content\/uploads\/2022\/02\/cropped-conflict-of-parents-2021-09-24-02-52-04-utc-scaled-1.jpg\" title=\"cropped-conflict-of-parents-2021-09-24-02-52-04-utc-scaled-1.jpg\" alt=\"\"> <div  data-type=\"column\" class=\"col-padding-small col-padding-small-xs description-container\"> <h4  class=\"font-500\">Frieden in Partnerschaft und Familie  <\/h4> <p  class=\"\">Streit in der Familie und\/oder der Partnerschaft geht schnell an die seelische Substanz. Es wird sehr emotional. Bevor alles zu sp\u00e4t erscheint, kann die Mediation wieder zu einer hilfreichen Kommunikation beitragen und gemeinsam gute L\u00f6sungen des Zusammenlebens zu Stande bringen. <br >Grundvoraussetzung ist es, dass der Mediator allparteilich, d.h. Jede und Jeden unterst\u00fctzt, sich selbst in der Beziehung wiederzufinden. Das Wohl aller Beteiligten ist die oberster Maxime. Dazu k\u00f6nnen Sie sich auf Verschwiegenheit und Wahrung der Privatsph\u00e4re vollst\u00e4ndig verlassen.&nbsp;<\/p><\/div> <div  data-type=\"column\" class=\"col-padding-small col-padding-small-xs read-more-container\"><\/div> <\/div><\/div><\/div><\/div> <\/div><div  id=\"cta-1\" data-label=\"Cta\" data-id=\"cta-blue-section\" data-export-id=\"cta-blue-section\" data-category=\"cta\" class=\"cta-blue-section content-section content-section-spacing-medium bg-color1 white-text\"><div  class=\"gridContainer\"> <div  class=\"row middle-xs\"><div  class=\"col-sm-8 space-bottom-xs\" data-type=\"column\"> <h2  class=\"\">Kein passendes Problem dabei?\n<br >Macht nichts! \n<br >Schildern Sie uns Ihr Problem und wir beraten Sie gerne in einem kostenlosen Erstgespr\u00e4ch&nbsp;<\/h2> <\/div> <div  class=\"col-sm-4 end-sm\" data-type=\"column\"> <a class=\"button color2\" href=\"https:\/\/baerpartner.de\/#:~:text=ALL%20BLOG%20POSTS-,Kontakt,-Jeder%20Fall%2C%20jedes\" target=\"_self\" data-cp-link=\"1\" rel=\"noopener\">Jetzt Kontaktanfrage starten<\/a><\/div> <\/div><\/div> <\/div><div  id=\"team-2\" style=\"background-color: #ffffff;\" data-label=\"Team\" data-id=\"team-2\" data-export-id=\"team-2\" data-category=\"team\" class=\"team-2 content-section content-section-spacing\"><div  class=\"gridContainer\"> <div  class=\"row text-center\"><div  class=\"section-title-col\" data-type=\"column\"> <h2  class=\"\">Unser Team<\/h2> <p  class=\"lead\">Lernen Sie uns kennen.&nbsp;<\/p><\/div> <\/div> <div  class=\"row spaced-cols content-center-sm\" data-type=\"row\"> <div  class=\"col-sm-6 col-md-6 \"> <div  class=\"card y-move no-padding bordered\"> <img  decoding=\"async\" class=\"face\" src=\"https:\/\/baerpartner.de\/wp-content\/uploads\/2022\/02\/cropped-Foto-August-2020-Lebenslauf-2-scaled-1.jpg\" title=\"cropped-Foto-August-2020-Lebenslauf-2-scaled-1.jpg\" alt=\"\"> <div  data-type=\"column\" class=\"col-padding-small col-padding-small-xs description-container\"> <h4  class=\"font-500\">Thomas Gerlach<\/h4> <p  class=\"small\" style=\"font-style: italic;\">Zertifizierter Mediator, Hagen, Westfalen<\/p> <div  class=\"social-icons-group\" data-type=\"group\"> <a href=\"https:\/\/baerpartner.de\/#page-down\" target=\"_blank\" rel=\"noopener\"><i  class=\"gray fa icon fa-address-card\"><\/i><\/a> <a href=\"#\" target=\"_self\" data-reiki-hidden=\"true\" rel=\"noopener\"><i  class=\"gray fa icon fa-twitter-square\"><\/i><\/a> <a href=\"#\" target=\"_self\" data-reiki-hidden=\"true\" rel=\"noopener\"><i  class=\"gray fa icon fa-linkedin-square\"><\/i><\/a> <a href=\"#\" target=\"_self\" data-reiki-hidden=\"true\" rel=\"noopener\"><i  class=\"gray fa icon fa-google-plus-square\"><\/i><\/a><\/div> <p  class=\"lead\"><\/p><p  class=\"MsoNormal\">Frieden zu stiften und Menschen zu st\u00e4rken, damit ihre\nM\u00f6glichkeiten auch eingesetzt werden k\u00f6nnen, war in allen Phasen meines Lebens\nmein Hauptaugenmerk. <o  :p=\"\"><\/o><\/p>\n\n<p  class=\"MsoNormal\">Ich sammelte berufliche Erfahrungen in der verarbeitenden\nIndustrie als Produktmanager. Ich arbeitete in Schule und christlicher Gemeinde\num Menschen zu f\u00f6rdern. <o  :p=\"\"><\/o><\/p>\n\n<p  class=\"MsoNormal\">Ich kenne Konflikte in allen Bereichen wie Familie, Verein,\nKirchengemeinde \u2013 Streit im privaten Bereich so wie Konflikte und\nMissverst\u00e4ndnisse am Arbeitsplatz \u2013 unter Kollegen, mit Vorgesetzten und Kunden.\nIn allen diesen Bereichen habe ich Menschen begleitet. <o  :p=\"\"><\/o><\/p>\n\n<p  class=\"MsoNormal\">Ich habe besondere Erfahrungen in der kultur\u00fcbergreifenden\nKommunikation gemacht. <o  :p=\"\"><\/o><\/p>\n\n<p  class=\"MsoNormal\">Verschiedene Standpunkte, gegens\u00e4tzliche Meinungen und\nLebensentw\u00fcrfe habe ich als M\u00f6glichkeit zur Weiterentwicklung und St\u00e4rkung der\nPers\u00f6nlichkeit erlebt. Br\u00fccken der Kommunikation aufzubauen, damit jeder\npers\u00f6nlich gest\u00e4rkt werden kann ist meine Hauptaufgabe im Prozess der\nBegleitung und der Mediation.&nbsp;<o  :p=\"\"><\/o><\/p><\/div><\/div> <\/div>       <\/div> <\/div><\/div><div  id=\"contact-1\" data-label=\"Contact\" data-id=\"contact-1\" data-export-id=\"contact-1\" data-category=\"contact\" class=\"contact-1 content-section content-section-spacing white-text\" data-parallax-depth=\"20\" style=\"background-size: cover; background-position: center top; background-image: url(&quot;https:\/\/baerpartner.de\/wp-content\/uploads\/2022\/02\/two-figures-of-people-contact-in-bypassing-the-sta-2021-08-31-02-49-23-utc-scaled.jpg&quot;);\"><div  class=\"gridContainer\"> <div  class=\"row text-center\"><div  class=\"section-title-col\" data-type=\"column\"> <h2  class=\"\">Kontakt<\/h2><p  class=\"lead\">Jeder Fall, jedes Problem ist anders. Das erste Gespr\u00e4ch dient dazu sich kennenzulernen und den Umfang der Mediation zu sch\u00e4tzen. Dieses erste Gespr\u00e4ch ist daher immer kostenfrei. <br >Wir legen gemeinsam den Zeitrahmen fest und bestimmen wo wir uns treffen. <br >Wir machen Ihnen dann ein Angebot, dass zu Ihnen passt.<\/p> <a class=\"button blue\" href=\"mailto:mediation@baerpartner.de\" target=\"_self\" data-cp-link=\"1\" rel=\"noopener\">mediation@baerpartner.de<\/a><\/div> <\/div> <div  class=\"row text-center\"> <div  class=\"col-xs-12 col-sm-8 col-sm-offset-2 contact-form-wrapper inline-info\"> <div  class=\"card large-padding\"> <div  class=\"\" data-content-shortcode=\"mesmerize_contact_form shortcode=&quot;transparent&quot;\" data-editable=\"true\">[transparent]<\/div><\/div> <\/div><\/div> <\/div><\/div>","protected":false},"excerpt":{"rendered":"<p>Mehr zu Mediation Wie l\u00e4uft eine Mediation ab?Was sind m\u00f6gliche Anwendungen? Unser Team Lernen Sie uns kennen Kontakt Nehme Kontakt zu uns auf und wir machen einen Termin Wer hat recht, wer setzt sich durch? Muss immer eine Seite klein beigeben? Die beste L\u00f6sung ist, wenn alle Parteien, jeder Einzelne seinen Teil zum Besten des&hellip; <br \/> <a class=\"read-more\" href=\"https:\/\/baerpartner.de\/\">Weiterlesen<\/a><\/p>\n","protected":false},"author":1,"featured_media":0,"parent":0,"menu_order":0,"comment_status":"closed","ping_status":"closed","template":"page-templates\/homepage.php","meta":{"footnotes":""},"class_list":["post-40","page","type-page","status-publish","hentry"],"_links":{"self":[{"href":"https:\/\/baerpartner.de\/index.php\/wp-json\/wp\/v2\/pages\/40","targetHints":{"allow":["GET"]}}],"collection":[{"href":"https:\/\/baerpartner.de\/index.php\/wp-json\/wp\/v2\/pages"}],"about":[{"href":"https:\/\/baerpartner.de\/index.php\/wp-json\/wp\/v2\/types\/page"}],"author":[{"embeddable":true,"href":"https:\/\/baerpartner.de\/index.php\/wp-json\/wp\/v2\/users\/1"}],"replies":[{"embeddable":true,"href":"https:\/\/baerpartner.de\/index.php\/wp-json\/wp\/v2\/comments?post=40"}],"version-history":[{"count":37,"href":"https:\/\/baerpartner.de\/index.php\/wp-json\/wp\/v2\/pages\/40\/revisions"}],"predecessor-version":[{"id":225,"href":"https:\/\/baerpartner.de\/index.php\/wp-json\/wp\/v2\/pages\/40\/revisions\/225"}],"wp:attachment":[{"href":"https:\/\/baerpartner.de\/index.php\/wp-json\/wp\/v2\/media?parent=40"}],"curies":[{"name":"wp","href":"https:\/\/api.w.org\/{rel}","templated":true}]}}